{"id":2,"date":"2023-02-10T11:14:02","date_gmt":"2023-02-10T11:14:02","guid":{"rendered":"https:\/\/pestujhely.reformatus.hu\/?page_id=2"},"modified":"2025-10-03T21:04:36","modified_gmt":"2025-10-03T21:04:36","slug":"sample-page","status":"publish","type":"page","link":"https:\/\/www.pestujhely.reformatus.hu\/?page_id=2","title":{"rendered":"Sola Fide"},"content":{"rendered":"\n<p class=\"has-text-align-center\"><strong>\u201e<em>Meg van \u00edrva, az igaz ember pedig hitb\u0151l \u00e9l!<\/em> <\/strong>&#8221; (R\u00f3ma 1,17)<\/p>\n\n\n\n<figure class=\"wp-block-image size-full\"><img loading=\"lazy\" decoding=\"async\" width=\"720\" height=\"960\" src=\"https:\/\/www.pestujhely.reformatus.hu\/wp-content\/uploads\/2025\/10\/vdm-Sola-Fide.jpg\" alt=\"\" class=\"wp-image-247\" srcset=\"https:\/\/www.pestujhely.reformatus.hu\/wp-content\/uploads\/2025\/10\/vdm-Sola-Fide.jpg 720w, https:\/\/www.pestujhely.reformatus.hu\/wp-content\/uploads\/2025\/10\/vdm-Sola-Fide-225x300.jpg 225w\" sizes=\"auto, (max-width: 720px) 100vw, 720px\" \/><\/figure>\n\n\n\n<p>SOLA FIDE = EGYED\u00dcL HIT \u00c1LTAL<\/p>\n\n\n\n<p>NEM a R\u00f3mai Egyh\u00e1z hierarchikus &#8220;\u00fcdvint\u00e9zm\u00e9nye&#8221; \u00e1ltal felk\u00edn\u00e1lt szents\u00e9gek v\u00e9tel\u00e9vel igazul meg \u00e9s \u00fcdv\u00f6z\u00fcl az ember! HANEM egyed\u00fcl a Krisztusba vetett hit \u00e1ltal.<\/p>\n\n\n\n<p>Csak az \u00dar J\u00e9zus Krisztus \u00e9rdem\u00e9\u00e9rt \u00e9s az \u0150benne val\u00f3 hit \u00e1ltal \u00fcdv\u00f6z\u00fclhet\u00fcnk:<\/p>\n\n\n\n<p>Sicut scriptum est: IUSTUS AUTEM EX FIDE VIVIT<\/p>\n\n\n\n<p><strong><em>&#8220;Meg van \u00edrva, az igaz ember pedig hitb\u0151l \u00e9l!<\/em><\/strong>&#8221; (R\u00f3ma 1,17)<\/p>\n\n\n\n<p>A hitre-jut\u00e1s eg\u00e9szen isteni m\u0171, bel\u0151le t\u00f6k\u00e9letesen ki van rekesztve az emberi \u00e9rdem gondolata. A hitvall\u00e1sunk ez\u00e9rt azt tan\u00edtja, hogy az emberi \u201ej\u00f3cselekedetek&#8221; nem sz\u00e1m\u00edtanak az \u00fcdv\u00f6ss\u00e9g elnyer\u00e9se szempontj\u00e1b\u00f3l, hanem kiz\u00e1r\u00f3lag az \u00dar J\u00e9zus Krisztus \u00e9rt\u00fcnk meghozott \u00e1ldozata.<\/p>\n\n\n\n<p>Valljuk azt is, hogy az \u00fajj\u00e1sz\u00fclet\u00e9s egyed\u00fcl Isten Szentlelk\u00e9nek munk\u00e1ja, amelyet a b\u0171n\u00f6s ember az \u00dar J\u00e9zus Krisztus kegyelm\u00e9b\u0151l, hit \u00e1ltal elfogadhat.<\/p>\n\n\n\n<p><\/p>\n\n\n\n<h2 class=\"wp-block-heading has-text-align-center\">&#8230;<\/h2>\n\n\n\n<p><\/p>\n\n\n\n<p><\/p>\n\n\n\n<blockquote class=\"wp-block-quote is-layout-flow wp-block-quote-is-layout-flow\">\n<p>\u00cdGE<\/p>\n\n\n\n<p class=\"has-text-align-right\" style=\"font-size:clamp(1.301rem, 1.301rem + ((1vw - 0.2rem) * 1.332), 2.1rem);\">\u201eDe az \u00dar besz\u00e9de megmarad \u00f6r\u00f6kk\u00e9. Ez pedig az a besz\u00e9d, a mely n\u00e9ktek hirdettetett.\u201d 1P\u00e9ter 1:25<\/p>\n<\/blockquote>\n\n\n\n<p class=\"has-text-align-right\"><strong><em>\u201eA kegyelem legyen mindazokkal, akik el nem m\u00fal\u00f3 szeretettel szeretik a mi Urunkat, J\u00e9zus Krisztust!&#8221;<\/em><\/strong>&nbsp;Efezus 6:24<\/p>\n","protected":false},"excerpt":{"rendered":"<p>\u201eMeg van \u00edrva, az igaz ember pedig hitb\u0151l \u00e9l! &#8221; (R\u00f3ma 1,17) SOLA FIDE = EGYED\u00dcL HIT \u00c1LTAL NEM a R\u00f3mai Egyh\u00e1z hierarchikus &#8220;\u00fcdvint\u00e9zm\u00e9nye&#8221; \u00e1ltal felk\u00edn\u00e1lt szents\u00e9gek v\u00e9tel\u00e9vel igazul meg \u00e9s \u00fcdv\u00f6z\u00fcl az ember! HANEM egyed\u00fcl a Krisztusba vetett hit \u00e1ltal. Csak az \u00dar J\u00e9zus Krisztus \u00e9rdem\u00e9\u00e9rt \u00e9s az \u0150benne val\u00f3 hit \u00e1ltal \u00fcdv\u00f6z\u00fclhet\u00fcnk: Sicut [&hellip;]<\/p>\n","protected":false},"author":1,"featured_media":0,"parent":0,"menu_order":0,"comment_status":"closed","ping_status":"closed","template":"","meta":{"footnotes":""},"class_list":["post-2","page","type-page","status-publish","hentry"],"_links":{"self":[{"href":"https:\/\/www.pestujhely.reformatus.hu\/index.php?rest_route=\/wp\/v2\/pages\/2","targetHints":{"allow":["GET"]}}],"collection":[{"href":"https:\/\/www.pestujhely.reformatus.hu\/index.php?rest_route=\/wp\/v2\/pages"}],"about":[{"href":"https:\/\/www.pestujhely.reformatus.hu\/index.php?rest_route=\/wp\/v2\/types\/page"}],"author":[{"embeddable":true,"href":"https:\/\/www.pestujhely.reformatus.hu\/index.php?rest_route=\/wp\/v2\/users\/1"}],"replies":[{"embeddable":true,"href":"https:\/\/www.pestujhely.reformatus.hu\/index.php?rest_route=%2Fwp%2Fv2%2Fcomments&post=2"}],"version-history":[{"count":9,"href":"https:\/\/www.pestujhely.reformatus.hu\/index.php?rest_route=\/wp\/v2\/pages\/2\/revisions"}],"predecessor-version":[{"id":249,"href":"https:\/\/www.pestujhely.reformatus.hu\/index.php?rest_route=\/wp\/v2\/pages\/2\/revisions\/249"}],"wp:attachment":[{"href":"https:\/\/www.pestujhely.reformatus.hu\/index.php?rest_route=%2Fwp%2Fv2%2Fmedia&parent=2"}],"curies":[{"name":"wp","href":"https:\/\/api.w.org\/{rel}","templated":true}]}}